{"id":779,"date":"2020-04-25T18:24:37","date_gmt":"2020-04-25T16:24:37","guid":{"rendered":"http:\/\/xn--valrie-quinat-kinsithrapeute-drcoe.fr\/?page_id=779"},"modified":"2020-06-10T21:47:55","modified_gmt":"2020-06-10T19:47:55","slug":"prothese","status":"publish","type":"page","link":"https:\/\/xn--valrie-quinat-kinsithrapeute-drcoe.fr\/?page_id=779","title":{"rendered":"Proth\u00e8se"},"content":{"rendered":"\t\t<div data-elementor-type=\"wp-page\" data-elementor-id=\"779\" class=\"elementor elementor-779\">\n\t\t\t\t\t\t<div class=\"elementor-inner\">\n\t\t\t\t<div class=\"elementor-section-wrap\">\n\t\t\t\t\t\t\t\t\t<section class=\"elementor-section elementor-top-section elementor-element elementor-element-c3bdcb1 elementor-section-boxed elementor-section-height-default elementor-section-height-default\" data-id=\"c3bdcb1\" data-element_type=\"section\">\n\t\t\t\t\t\t<div class=\"elementor-container elementor-column-gap-default\">\n\t\t\t\t\t\t\t<div class=\"elementor-row\">\n\t\t\t\t\t<div class=\"elementor-column elementor-col-100 elementor-top-column elementor-element elementor-element-7a2e31b\" data-id=\"7a2e31b\" data-element_type=\"column\">\n\t\t\t<div class=\"elementor-column-wrap elementor-element-populated\">\n\t\t\t\t\t\t\t<div class=\"elementor-widget-wrap\">\n\t\t\t\t\t\t<div class=\"elementor-element elementor-element-7e7699a elementor-widget elementor-widget-heading\" data-id=\"7e7699a\" data-element_type=\"widget\" data-widget_type=\"heading.default\">\n\t\t\t\t<div class=\"elementor-widget-container\">\n\t\t\t<h2 class=\"elementor-heading-title elementor-size-default\">Chirurgie proth\u00e9tique<\/h2>\t\t<\/div>\n\t\t\t\t<\/div>\n\t\t\t\t\t\t<\/div>\n\t\t\t\t\t<\/div>\n\t\t<\/div>\n\t\t\t\t\t\t\t\t<\/div>\n\t\t\t\t\t<\/div>\n\t\t<\/section>\n\t\t\t\t<section class=\"elementor-section elementor-top-section elementor-element elementor-element-e2fdf8b elementor-section-boxed elementor-section-height-default elementor-section-height-default\" data-id=\"e2fdf8b\" data-element_type=\"section\">\n\t\t\t\t\t\t<div class=\"elementor-container elementor-column-gap-default\">\n\t\t\t\t\t\t\t<div class=\"elementor-row\">\n\t\t\t\t\t<div class=\"elementor-column elementor-col-100 elementor-top-column elementor-element elementor-element-3dd3532\" data-id=\"3dd3532\" data-element_type=\"column\">\n\t\t\t<div class=\"elementor-column-wrap elementor-element-populated\">\n\t\t\t\t\t\t\t<div class=\"elementor-widget-wrap\">\n\t\t\t\t\t\t<div class=\"elementor-element elementor-element-a61642a elementor-widget elementor-widget-text-editor\" data-id=\"a61642a\" data-element_type=\"widget\" data-widget_type=\"text-editor.default\">\n\t\t\t\t<div class=\"elementor-widget-container\">\n\t\t\t\t\t\t\t\t<div class=\"elementor-text-editor elementor-clearfix\">\n\t\t\t\t\t\t\t\t\t<\/div>\n\t\t\t\t\t\t<\/div>\n\t\t\t\t<\/div>\n\t\t\t\t<div class=\"elementor-element elementor-element-d5d454d elementor-widget elementor-widget-text-editor\" data-id=\"d5d454d\" data-element_type=\"widget\" data-widget_type=\"text-editor.default\">\n\t\t\t\t<div class=\"elementor-widget-container\">\n\t\t\t\t\t\t\t\t<div class=\"elementor-text-editor elementor-clearfix\">\n\t\t\t\t<p>La mise en place d&rsquo;une proth\u00e8se est une r\u00e9ponse tr\u00e8s efficace lorsqu\u2019une articulation est trop atteinte par l\u2019arthrose pour permettre le maintien d\u2019une vie normale. L\u2019arthrose est un processus \u00ab&nbsp;naturel&nbsp;\u00bb conduisant \u00e0 la d\u00e9g\u00e9n\u00e9rescence progressive et irr\u00e9versible (selon les connaissances actuelles de la science) du cartilage. <img loading=\"lazy\" decoding=\"async\" class=\"wp-image-994 alignleft\" src=\"https:\/\/xn--valrie-quinat-kinsithrapeute-drcoe.fr\/wp-content\/uploads\/2020\/05\/Radio-proth\u00e8se-genou-295x300.jpeg\" alt=\"\" width=\"400\" height=\"406\" srcset=\"https:\/\/xn--valrie-quinat-kinsithrapeute-drcoe.fr\/wp-content\/uploads\/2020\/05\/Radio-proth\u00e8se-genou-295x300.jpeg 295w, https:\/\/xn--valrie-quinat-kinsithrapeute-drcoe.fr\/wp-content\/uploads\/2020\/05\/Radio-proth\u00e8se-genou-1008x1024.jpeg 1008w, https:\/\/xn--valrie-quinat-kinsithrapeute-drcoe.fr\/wp-content\/uploads\/2020\/05\/Radio-proth\u00e8se-genou-768x780.jpeg 768w, https:\/\/xn--valrie-quinat-kinsithrapeute-drcoe.fr\/wp-content\/uploads\/2020\/05\/Radio-proth\u00e8se-genou-59x60.jpeg 59w, https:\/\/xn--valrie-quinat-kinsithrapeute-drcoe.fr\/wp-content\/uploads\/2020\/05\/Radio-proth\u00e8se-genou.jpeg 1247w\" sizes=\"auto, (max-width: 400px) 100vw, 400px\" \/>Le cartilage est un tissu situ\u00e9 aux extr\u00e9mit\u00e9s des os, en regard des articulations. Il constitue une surface tr\u00e8s lisse et tr\u00e8s glissante lubrifi\u00e9e par le liquide synovial. Par les pressions et les contraintes de la vie courante le cartilage dispara\u00eet progressivement, le syst\u00e8me se grippe, l\u2019articulation ne peut plus bouger et est souvent tr\u00e8s douloureuse. Lorsque le stade est avanc\u00e9 et que l\u2019autonomie de la personne est mise en jeu, le chirurgien peut d\u00e9cider d\u2019intervenir pour remplacer par du mat\u00e9riel synth\u00e9tique l\u2019articulation d\u00e9faillante.<\/p>\n<p>Les articulations les plus touch\u00e9es, sont la hanche, le genou, et l\u2019\u00e9paule. Leur prise en charge en kin\u00e9sith\u00e9rapie est tr\u00e8s diff\u00e9rente. La plupart du temps et contrairement \u00e0 ce qui se passe dans la prise en charge post-traumatique, la reprise du mouvement sera imm\u00e9diate. La kin\u00e9sith\u00e9rapie commence g\u00e9n\u00e9ralement \u00e0 l\u2019h\u00f4pital ou la clinique pour se poursuivre d\u00e8s le retour au domicile du patient. L\u2019objectif est de donner au patient, au plus vite le b\u00e9n\u00e9fice de l\u2019intervention.<\/p>\n<p>Chaque type de proth\u00e8se a ses sp\u00e9cificit\u00e9s et son mode de prise en charge mais le travail se fait toujours en accord avec le chirurgien qui a expliqu\u00e9 au malade le type d\u2019intervention qu\u2019il a pratiqu\u00e9 et les suites \u00e0 attendre. Certaines \u00e9tapes de la r\u00e9\u00e9ducation se font avec son aval.<\/p>\n<p>Comme il s\u2019agit d\u2019une intervention programm\u00e9e, parfois plusieurs mois \u00e0 l\u2019avance, il peut \u00eatre propos\u00e9 une prise en charge avant l\u2019op\u00e9ration. Le but est d\u2019augmenter le volume musculaire des membres qui seront atteints par la chirurgie. Dans le cas d\u2019une proth\u00e8se de genou, on sait que le muscle quadriceps sera sid\u00e9r\u00e9, c\u2019est-\u00e0-dire qu\u2019il ne fonctionnera plus.<\/p>\n<p>C\u2019est un processus naturel. Si on a pu, avant l\u2019intervention le renforcer, il n\u2019en r\u00e9cup\u00e9rera que mieux, d\u2019autant que l\u2019\u00e9tat global de l\u2019appareil locomoteur est souvent d\u00e9grad\u00e9 car le patient aura eu tendance \u00e0 moins bouger en raison de la g\u00eane fonctionnelle.<\/p>\n<p>Pour que la prise en charge puisse \u00eatre r\u00e9alis\u00e9e dans les suites imm\u00e9diates, il est conseill\u00e9 de prendre contact avec le kin\u00e9sith\u00e9rapeute avant l\u2019intervention afin de pr\u00e9voir la mise en place des s\u00e9ances \u00e0 venir.<\/p>\t\t\t\t\t<\/div>\n\t\t\t\t\t\t<\/div>\n\t\t\t\t<\/div>\n\t\t\t\t\t\t<\/div>\n\t\t\t\t\t<\/div>\n\t\t<\/div>\n\t\t\t\t\t\t\t\t<\/div>\n\t\t\t\t\t<\/div>\n\t\t<\/section>\n\t\t\t\t<section class=\"elementor-section elementor-top-section elementor-element elementor-element-032c56d elementor-section-boxed elementor-section-height-default elementor-section-height-default\" data-id=\"032c56d\" data-element_type=\"section\">\n\t\t\t\t\t\t<div class=\"elementor-container elementor-column-gap-default\">\n\t\t\t\t\t\t\t<div class=\"elementor-row\">\n\t\t\t\t\t<div class=\"elementor-column elementor-col-100 elementor-top-column elementor-element elementor-element-6cbafd4\" data-id=\"6cbafd4\" data-element_type=\"column\">\n\t\t\t<div class=\"elementor-column-wrap elementor-element-populated\">\n\t\t\t\t\t\t\t<div class=\"elementor-widget-wrap\">\n\t\t\t\t\t\t<div class=\"elementor-element elementor-element-ee0c84f elementor-widget elementor-widget-button\" data-id=\"ee0c84f\" data-element_type=\"widget\" data-widget_type=\"button.default\">\n\t\t\t\t<div class=\"elementor-widget-container\">\n\t\t\t\t\t<div class=\"elementor-button-wrapper\">\n\t\t\t<a href=\"http:\/\/val\u00e9rie-quinat-kin\u00e9sith\u00e9rapeute.fr\/?page_id=791\" class=\"elementor-button-link elementor-button elementor-size-sm\" role=\"button\">\n\t\t\t\t\t\t<span class=\"elementor-button-content-wrapper\">\n\t\t\t\t\t\t<span class=\"elementor-button-text\">R\u00e9\u00e9ducation<\/span>\n\t\t<\/span>\n\t\t\t\t\t<\/a>\n\t\t<\/div>\n\t\t\t\t<\/div>\n\t\t\t\t<\/div>\n\t\t\t\t\t\t<\/div>\n\t\t\t\t\t<\/div>\n\t\t<\/div>\n\t\t\t\t\t\t\t\t<\/div>\n\t\t\t\t\t<\/div>\n\t\t<\/section>\n\t\t\t\t<section class=\"elementor-section elementor-top-section elementor-element elementor-element-d9963bb elementor-section-boxed elementor-section-height-default elementor-section-height-default\" data-id=\"d9963bb\" data-element_type=\"section\">\n\t\t\t\t\t\t<div class=\"elementor-container elementor-column-gap-default\">\n\t\t\t\t\t\t\t<div class=\"elementor-row\">\n\t\t\t\t\t<div class=\"elementor-column elementor-col-50 elementor-top-column elementor-element elementor-element-e220f4d\" data-id=\"e220f4d\" data-element_type=\"column\">\n\t\t\t<div class=\"elementor-column-wrap elementor-element-populated\">\n\t\t\t\t\t\t\t<div class=\"elementor-widget-wrap\">\n\t\t\t\t\t\t<div class=\"elementor-element elementor-element-9153344 elementor-widget elementor-widget-image\" data-id=\"9153344\" data-element_type=\"widget\" data-widget_type=\"image.default\">\n\t\t\t\t<div class=\"elementor-widget-container\">\n\t\t\t\t\t\t\t\t<div class=\"elementor-image\">\n\t\t\t\t\t\t\t\t\t<figure class=\"wp-caption\">\n\t\t\t\t\t\t\t\t\t\t<img loading=\"lazy\" decoding=\"async\" width=\"767\" height=\"820\" src=\"https:\/\/xn--valrie-quinat-kinsithrapeute-drcoe.fr\/wp-content\/uploads\/2020\/04\/fullsizeoutput_235b-958x1024.jpeg\" class=\"attachment-large size-large wp-image-710\" alt=\"\" srcset=\"https:\/\/xn--valrie-quinat-kinsithrapeute-drcoe.fr\/wp-content\/uploads\/2020\/04\/fullsizeoutput_235b-958x1024.jpeg 958w, https:\/\/xn--valrie-quinat-kinsithrapeute-drcoe.fr\/wp-content\/uploads\/2020\/04\/fullsizeoutput_235b-281x300.jpeg 281w, https:\/\/xn--valrie-quinat-kinsithrapeute-drcoe.fr\/wp-content\/uploads\/2020\/04\/fullsizeoutput_235b-768x821.jpeg 768w, https:\/\/xn--valrie-quinat-kinsithrapeute-drcoe.fr\/wp-content\/uploads\/2020\/04\/fullsizeoutput_235b-1437x1536.jpeg 1437w, https:\/\/xn--valrie-quinat-kinsithrapeute-drcoe.fr\/wp-content\/uploads\/2020\/04\/fullsizeoutput_235b-56x60.jpeg 56w, https:\/\/xn--valrie-quinat-kinsithrapeute-drcoe.fr\/wp-content\/uploads\/2020\/04\/fullsizeoutput_235b.jpeg 1762w\" sizes=\"auto, (max-width: 767px) 100vw, 767px\" \/>\t\t\t\t\t\t\t\t\t\t\t<figcaption class=\"widget-image-caption wp-caption-text\">Proth\u00e8se d'\u00e9paule invers\u00e9e<\/figcaption>\n\t\t\t\t\t\t\t\t\t\t<\/figure>\n\t\t\t\t\t\t\t\t<\/div>\n\t\t\t\t\t\t<\/div>\n\t\t\t\t<\/div>\n\t\t\t\t<div class=\"elementor-element elementor-element-6ee48ce elementor-widget elementor-widget-text-editor\" data-id=\"6ee48ce\" data-element_type=\"widget\" data-widget_type=\"text-editor.default\">\n\t\t\t\t<div class=\"elementor-widget-container\">\n\t\t\t\t\t\t\t\t<div class=\"elementor-text-editor elementor-clearfix\">\n\t\t\t\t<p>La chirurgie proth\u00e9tique progresse de jour en jour. La proth\u00e8se \u00e9paule invers\u00e9e, ci-dessus est de plus en plus fr\u00e9quente.<\/p><p>A droite, la proth\u00e8se trap\u00e8ze-m\u00e9tacarpienne qui est une technique encore peu r\u00e9alis\u00e9e.<\/p>\t\t\t\t\t<\/div>\n\t\t\t\t\t\t<\/div>\n\t\t\t\t<\/div>\n\t\t\t\t\t\t<\/div>\n\t\t\t\t\t<\/div>\n\t\t<\/div>\n\t\t\t\t<div class=\"elementor-column elementor-col-50 elementor-top-column elementor-element elementor-element-28c9ce6\" data-id=\"28c9ce6\" data-element_type=\"column\">\n\t\t\t<div class=\"elementor-column-wrap elementor-element-populated\">\n\t\t\t\t\t\t\t<div class=\"elementor-widget-wrap\">\n\t\t\t\t\t\t<div class=\"elementor-element elementor-element-912f0af elementor-widget elementor-widget-image\" data-id=\"912f0af\" data-element_type=\"widget\" data-widget_type=\"image.default\">\n\t\t\t\t<div class=\"elementor-widget-container\">\n\t\t\t\t\t\t\t\t<div class=\"elementor-image\">\n\t\t\t\t\t\t\t\t\t<figure class=\"wp-caption\">\n\t\t\t\t\t\t\t\t\t\t<img loading=\"lazy\" decoding=\"async\" width=\"605\" height=\"1024\" src=\"https:\/\/xn--valrie-quinat-kinsithrapeute-drcoe.fr\/wp-content\/uploads\/2020\/04\/fullsizeoutput_2355-605x1024.jpeg\" class=\"attachment-large size-large wp-image-711\" alt=\"\" srcset=\"https:\/\/xn--valrie-quinat-kinsithrapeute-drcoe.fr\/wp-content\/uploads\/2020\/04\/fullsizeoutput_2355-605x1024.jpeg 605w, https:\/\/xn--valrie-quinat-kinsithrapeute-drcoe.fr\/wp-content\/uploads\/2020\/04\/fullsizeoutput_2355-177x300.jpeg 177w, https:\/\/xn--valrie-quinat-kinsithrapeute-drcoe.fr\/wp-content\/uploads\/2020\/04\/fullsizeoutput_2355-768x1300.jpeg 768w, https:\/\/xn--valrie-quinat-kinsithrapeute-drcoe.fr\/wp-content\/uploads\/2020\/04\/fullsizeoutput_2355-908x1536.jpeg 908w, https:\/\/xn--valrie-quinat-kinsithrapeute-drcoe.fr\/wp-content\/uploads\/2020\/04\/fullsizeoutput_2355-1210x2048.jpeg 1210w, https:\/\/xn--valrie-quinat-kinsithrapeute-drcoe.fr\/wp-content\/uploads\/2020\/04\/fullsizeoutput_2355-35x60.jpeg 35w, https:\/\/xn--valrie-quinat-kinsithrapeute-drcoe.fr\/wp-content\/uploads\/2020\/04\/fullsizeoutput_2355.jpeg 1339w\" sizes=\"auto, (max-width: 605px) 100vw, 605px\" \/>\t\t\t\t\t\t\t\t\t\t\t<figcaption class=\"widget-image-caption wp-caption-text\">Proth\u00e8se trap\u00e9zo-m\u00e9tacarpienne<\/figcaption>\n\t\t\t\t\t\t\t\t\t\t<\/figure>\n\t\t\t\t\t\t\t\t<\/div>\n\t\t\t\t\t\t<\/div>\n\t\t\t\t<\/div>\n\t\t\t\t\t\t<\/div>\n\t\t\t\t\t<\/div>\n\t\t<\/div>\n\t\t\t\t\t\t\t\t<\/div>\n\t\t\t\t\t<\/div>\n\t\t<\/section>\n\t\t\t\t\t\t\t\t\t<\/div>\n\t\t\t<\/div>\n\t\t\t\t\t<\/div>\n\t\t","protected":false},"excerpt":{"rendered":"<p>Chirurgie proth\u00e9tique La mise en place d&rsquo;une proth\u00e8se est une r\u00e9ponse tr\u00e8s efficace lorsqu\u2019une articulation est trop atteinte par l\u2019arthrose pour permettre le maintien d\u2019une vie normale. L\u2019arthrose est un &hellip; <\/p>\n","protected":false},"author":1,"featured_media":0,"parent":74,"menu_order":1,"comment_status":"closed","ping_status":"closed","template":"","meta":{"footnotes":""},"class_list":["post-779","page","type-page","status-publish","hentry"],"_links":{"self":[{"href":"https:\/\/xn--valrie-quinat-kinsithrapeute-drcoe.fr\/index.php?rest_route=\/wp\/v2\/pages\/779","targetHints":{"allow":["GET"]}}],"collection":[{"href":"https:\/\/xn--valrie-quinat-kinsithrapeute-drcoe.fr\/index.php?rest_route=\/wp\/v2\/pages"}],"about":[{"href":"https:\/\/xn--valrie-quinat-kinsithrapeute-drcoe.fr\/index.php?rest_route=\/wp\/v2\/types\/page"}],"author":[{"embeddable":true,"href":"https:\/\/xn--valrie-quinat-kinsithrapeute-drcoe.fr\/index.php?rest_route=\/wp\/v2\/users\/1"}],"replies":[{"embeddable":true,"href":"https:\/\/xn--valrie-quinat-kinsithrapeute-drcoe.fr\/index.php?rest_route=%2Fwp%2Fv2%2Fcomments&post=779"}],"version-history":[{"count":15,"href":"https:\/\/xn--valrie-quinat-kinsithrapeute-drcoe.fr\/index.php?rest_route=\/wp\/v2\/pages\/779\/revisions"}],"predecessor-version":[{"id":1097,"href":"https:\/\/xn--valrie-quinat-kinsithrapeute-drcoe.fr\/index.php?rest_route=\/wp\/v2\/pages\/779\/revisions\/1097"}],"up":[{"embeddable":true,"href":"https:\/\/xn--valrie-quinat-kinsithrapeute-drcoe.fr\/index.php?rest_route=\/wp\/v2\/pages\/74"}],"wp:attachment":[{"href":"https:\/\/xn--valrie-quinat-kinsithrapeute-drcoe.fr\/index.php?rest_route=%2Fwp%2Fv2%2Fmedia&parent=779"}],"curies":[{"name":"wp","href":"https:\/\/api.w.org\/{rel}","templated":true}]}}