{"id":267,"date":"2020-03-31T14:19:49","date_gmt":"2020-03-31T12:19:49","guid":{"rendered":"http:\/\/xn--valrie-quinat-kinsithrapeute-drcoe.fr\/?page_id=267"},"modified":"2020-04-25T20:03:19","modified_gmt":"2020-04-25T18:03:19","slug":"conseils-pour-les-nourrissons","status":"publish","type":"page","link":"https:\/\/xn--valrie-quinat-kinsithrapeute-drcoe.fr\/?page_id=267","title":{"rendered":"Conseils pour les nourrissons"},"content":{"rendered":"\t\t<div data-elementor-type=\"wp-page\" data-elementor-id=\"267\" class=\"elementor elementor-267\">\n\t\t\t\t\t\t<div class=\"elementor-inner\">\n\t\t\t\t<div class=\"elementor-section-wrap\">\n\t\t\t\t\t\t\t\t\t<section class=\"elementor-section elementor-top-section elementor-element elementor-element-7bb77b2 elementor-section-boxed elementor-section-height-default elementor-section-height-default\" data-id=\"7bb77b2\" data-element_type=\"section\">\n\t\t\t\t\t\t<div class=\"elementor-container elementor-column-gap-default\">\n\t\t\t\t\t\t\t<div class=\"elementor-row\">\n\t\t\t\t\t<div class=\"elementor-column elementor-col-100 elementor-top-column elementor-element elementor-element-11b3a5a\" data-id=\"11b3a5a\" data-element_type=\"column\">\n\t\t\t<div class=\"elementor-column-wrap\">\n\t\t\t\t\t\t\t<div class=\"elementor-widget-wrap\">\n\t\t\t\t\t\t\t\t<\/div>\n\t\t\t\t\t<\/div>\n\t\t<\/div>\n\t\t\t\t\t\t\t\t<\/div>\n\t\t\t\t\t<\/div>\n\t\t<\/section>\n\t\t\t\t<section class=\"elementor-section elementor-top-section elementor-element elementor-element-64c8fa36 elementor-section-boxed elementor-section-height-default elementor-section-height-default\" data-id=\"64c8fa36\" data-element_type=\"section\">\n\t\t\t\t\t\t<div class=\"elementor-container elementor-column-gap-default\">\n\t\t\t\t\t\t\t<div class=\"elementor-row\">\n\t\t\t\t\t<div class=\"elementor-column elementor-col-100 elementor-top-column elementor-element elementor-element-5868e0ed\" data-id=\"5868e0ed\" data-element_type=\"column\">\n\t\t\t<div class=\"elementor-column-wrap elementor-element-populated\">\n\t\t\t\t\t\t\t<div class=\"elementor-widget-wrap\">\n\t\t\t\t\t\t<div class=\"elementor-element elementor-element-7055ad2b elementor-widget elementor-widget-text-editor\" data-id=\"7055ad2b\" data-element_type=\"widget\" data-widget_type=\"text-editor.default\">\n\t\t\t\t<div class=\"elementor-widget-container\">\n\t\t\t\t\t\t\t\t<div class=\"elementor-text-editor elementor-clearfix\">\n\t\t\t\t<p><!-- wp:paragraph --><\/p>\n<p><strong>Rappels<\/strong><\/p>\n<ul>\n<li>Bien se laver les mains avant les contacts avec le b\u00e9b\u00e9.<\/li>\n<li>Contr\u00f4ler la temp\u00e9rature de la chambre qui doit se situer aux alentours de 18 \u00b0.<\/li>\n<li>A\u00e9rer tous les jours la chambre.<\/li>\n<li>\u00c9loigner les animaux de compagnie.<\/li>\n<li>\u00c9viter les tapis, les moquettes et l\u2019exc\u00e8s de peluches.<\/li>\n<li>\u00c9viter les bisous des autres enfants de la famille.<\/li>\n<li>Effectuer des lavages du nez par aspiration autant que n\u00e9cessaire surtout avant les repas et continuer une hygi\u00e8ne du nez quotidienne m\u00eame apr\u00e8s l\u2019arr\u00eat des sympt\u00f4mes.<\/li>\n<\/ul>\n<p><!-- \/wp:paragraph --><\/p>\t\t\t\t\t<\/div>\n\t\t\t\t\t\t<\/div>\n\t\t\t\t<\/div>\n\t\t\t\t<div class=\"elementor-element elementor-element-fc393d9 elementor-widget elementor-widget-button\" data-id=\"fc393d9\" data-element_type=\"widget\" data-widget_type=\"button.default\">\n\t\t\t\t<div class=\"elementor-widget-container\">\n\t\t\t\t\t<div class=\"elementor-button-wrapper\">\n\t\t\t<a href=\"http:\/\/val\u00e9rie-quinat-kin\u00e9sith\u00e9rapeute.fr\/?page_id=87\" class=\"elementor-button-link elementor-button elementor-size-sm\" role=\"button\">\n\t\t\t\t\t\t<span class=\"elementor-button-content-wrapper\">\n\t\t\t\t\t\t<span class=\"elementor-button-text\">Retour page pr\u00e9c\u00e9dente<\/span>\n\t\t<\/span>\n\t\t\t\t\t<\/a>\n\t\t<\/div>\n\t\t\t\t<\/div>\n\t\t\t\t<\/div>\n\t\t\t\t<div class=\"elementor-element elementor-element-6f06383 elementor-widget__width-inherit elementor-widget elementor-widget-image\" data-id=\"6f06383\" data-element_type=\"widget\" data-widget_type=\"image.default\">\n\t\t\t\t<div class=\"elementor-widget-container\">\n\t\t\t\t\t\t\t\t<div class=\"elementor-image\">\n\t\t\t\t\t\t\t\t\t\t\t\t<img loading=\"lazy\" decoding=\"async\" width=\"767\" height=\"712\" src=\"https:\/\/xn--valrie-quinat-kinsithrapeute-drcoe.fr\/wp-content\/uploads\/2020\/04\/fullsizeoutput_2342-1024x950.jpeg\" class=\"attachment-large size-large wp-image-561\" alt=\"\" srcset=\"https:\/\/xn--valrie-quinat-kinsithrapeute-drcoe.fr\/wp-content\/uploads\/2020\/04\/fullsizeoutput_2342-1024x950.jpeg 1024w, https:\/\/xn--valrie-quinat-kinsithrapeute-drcoe.fr\/wp-content\/uploads\/2020\/04\/fullsizeoutput_2342-300x278.jpeg 300w, https:\/\/xn--valrie-quinat-kinsithrapeute-drcoe.fr\/wp-content\/uploads\/2020\/04\/fullsizeoutput_2342-768x713.jpeg 768w, https:\/\/xn--valrie-quinat-kinsithrapeute-drcoe.fr\/wp-content\/uploads\/2020\/04\/fullsizeoutput_2342-65x60.jpeg 65w, https:\/\/xn--valrie-quinat-kinsithrapeute-drcoe.fr\/wp-content\/uploads\/2020\/04\/fullsizeoutput_2342.jpeg 1206w\" sizes=\"auto, (max-width: 767px) 100vw, 767px\" \/>\t\t\t\t\t\t\t\t\t\t\t\t\t\t<\/div>\n\t\t\t\t\t\t<\/div>\n\t\t\t\t<\/div>\n\t\t\t\t\t\t<\/div>\n\t\t\t\t\t<\/div>\n\t\t<\/div>\n\t\t\t\t\t\t\t\t<\/div>\n\t\t\t\t\t<\/div>\n\t\t<\/section>\n\t\t\t\t\t\t\t\t\t<\/div>\n\t\t\t<\/div>\n\t\t\t\t\t<\/div>\n\t\t","protected":false},"excerpt":{"rendered":"<p>Rappels Bien se laver les mains avant les contacts avec le b\u00e9b\u00e9. Contr\u00f4ler la temp\u00e9rature de la chambre qui doit se situer aux alentours de 18 \u00b0. A\u00e9rer tous les &hellip; <\/p>\n","protected":false},"author":1,"featured_media":0,"parent":87,"menu_order":1,"comment_status":"closed","ping_status":"closed","template":"","meta":{"footnotes":""},"class_list":["post-267","page","type-page","status-publish","hentry"],"_links":{"self":[{"href":"https:\/\/xn--valrie-quinat-kinsithrapeute-drcoe.fr\/index.php?rest_route=\/wp\/v2\/pages\/267","targetHints":{"allow":["GET"]}}],"collection":[{"href":"https:\/\/xn--valrie-quinat-kinsithrapeute-drcoe.fr\/index.php?rest_route=\/wp\/v2\/pages"}],"about":[{"href":"https:\/\/xn--valrie-quinat-kinsithrapeute-drcoe.fr\/index.php?rest_route=\/wp\/v2\/types\/page"}],"author":[{"embeddable":true,"href":"https:\/\/xn--valrie-quinat-kinsithrapeute-drcoe.fr\/index.php?rest_route=\/wp\/v2\/users\/1"}],"replies":[{"embeddable":true,"href":"https:\/\/xn--valrie-quinat-kinsithrapeute-drcoe.fr\/index.php?rest_route=%2Fwp%2Fv2%2Fcomments&post=267"}],"version-history":[{"count":20,"href":"https:\/\/xn--valrie-quinat-kinsithrapeute-drcoe.fr\/index.php?rest_route=\/wp\/v2\/pages\/267\/revisions"}],"predecessor-version":[{"id":820,"href":"https:\/\/xn--valrie-quinat-kinsithrapeute-drcoe.fr\/index.php?rest_route=\/wp\/v2\/pages\/267\/revisions\/820"}],"up":[{"embeddable":true,"href":"https:\/\/xn--valrie-quinat-kinsithrapeute-drcoe.fr\/index.php?rest_route=\/wp\/v2\/pages\/87"}],"wp:attachment":[{"href":"https:\/\/xn--valrie-quinat-kinsithrapeute-drcoe.fr\/index.php?rest_route=%2Fwp%2Fv2%2Fmedia&parent=267"}],"curies":[{"name":"wp","href":"https:\/\/api.w.org\/{rel}","templated":true}]}}